{"id":988,"date":"2022-12-29T11:19:04","date_gmt":"2022-12-29T10:19:04","guid":{"rendered":"http:\/\/studiokobietzukowo.com\/?page_id=988"},"modified":"2022-12-29T11:29:16","modified_gmt":"2022-12-29T10:29:16","slug":"fromularz-zabiegi","status":"publish","type":"page","link":"https:\/\/studiokobietzukowo.com\/?page_id=988","title":{"rendered":"Formularz zabiegi"},"content":{"rendered":"\t\t<div data-elementor-type=\"wp-page\" data-elementor-id=\"988\" class=\"elementor elementor-988\">\n\t\t\t\t\t\t<section class=\"elementor-section elementor-top-section elementor-element elementor-element-b42e3d5 elementor-section-boxed elementor-section-height-default elementor-section-height-default\" data-id=\"b42e3d5\" data-element_type=\"section\">\n\t\t\t\t\t\t<div class=\"elementor-container elementor-column-gap-default\">\n\t\t\t\t\t<div class=\"elementor-column elementor-col-100 elementor-top-column elementor-element elementor-element-4da91b4\" data-id=\"4da91b4\" data-element_type=\"column\">\n\t\t\t<div class=\"elementor-widget-wrap elementor-element-populated\">\n\t\t\t\t\t\t<div class=\"elementor-element elementor-element-c88769b elementor-widget elementor-widget-heading\" data-id=\"c88769b\" data-element_type=\"widget\" data-widget_type=\"heading.default\">\n\t\t\t\t<div class=\"elementor-widget-container\">\n\t\t\t\t\t<h2 class=\"elementor-heading-title elementor-size-default\">Formularz zapisu na zabieg <\/h2>\t\t\t\t<\/div>\n\t\t\t\t<\/div>\n\t\t\t\t\t<\/div>\n\t\t<\/div>\n\t\t\t\t\t<\/div>\n\t\t<\/section>\n\t\t\t\t<section class=\"elementor-section elementor-top-section elementor-element elementor-element-9614954 elementor-section-boxed elementor-section-height-default elementor-section-height-default\" data-id=\"9614954\" data-element_type=\"section\" data-settings=\"{&quot;background_background&quot;:&quot;classic&quot;}\">\n\t\t\t\t\t\t<div class=\"elementor-container elementor-column-gap-default\">\n\t\t\t\t\t<div class=\"elementor-column elementor-col-100 elementor-top-column elementor-element elementor-element-4729e05\" data-id=\"4729e05\" data-element_type=\"column\">\n\t\t\t<div class=\"elementor-widget-wrap elementor-element-populated\">\n\t\t\t\t\t\t<div class=\"elementor-element elementor-element-f4f4cbe elementor-widget elementor-widget-wpforms\" data-id=\"f4f4cbe\" data-element_type=\"widget\" data-widget_type=\"wpforms.default\">\n\t\t\t\t<div class=\"elementor-widget-container\">\n\t\t\t\t\t<div class=\"wpforms-container \" id=\"wpforms-7\"><form id=\"wpforms-form-7\" class=\"wpforms-validate wpforms-form\" data-formid=\"7\" method=\"post\" enctype=\"multipart\/form-data\" action=\"\/index.php?rest_route=%2Fwp%2Fv2%2Fpages%2F988\" data-token=\"4cc7f5d96bbcbd120d50043d32f3fa36\"><noscript class=\"wpforms-error-noscript\">Please enable JavaScript in your browser to complete this form.<\/noscript><div class=\"wpforms-field-container\"><div id=\"wpforms-7-field_0-container\" class=\"wpforms-field wpforms-field-name\" data-field-id=\"0\"><label class=\"wpforms-field-label wpforms-label-hide\" for=\"wpforms-7-field_0\">Podaj swoje imi\u0119  <span class=\"wpforms-required-label\">*<\/span><\/label><input type=\"text\" id=\"wpforms-7-field_0\" class=\"wpforms-field-large wpforms-field-required\" name=\"wpforms[fields][0]\" placeholder=\"Twoje imi\u0119 \" required><\/div><div id=\"wpforms-7-field_4-container\" class=\"wpforms-field wpforms-field-text\" data-field-id=\"4\"><label class=\"wpforms-field-label\" for=\"wpforms-7-field_4\">Podaj nam sw\u00f3j numer telefonu I Zadzwonimy i wsp\u00f3lnie wybierzemy dogodny termin \ud83d\ude42 <\/label><input type=\"text\" id=\"wpforms-7-field_4\" class=\"wpforms-field-medium\" name=\"wpforms[fields][4]\" placeholder=\"+48 111 111 111 \" ><\/div><div id=\"wpforms-7-field_1-container\" class=\"wpforms-field wpforms-field-email\" data-field-id=\"1\"><label class=\"wpforms-field-label wpforms-label-hide\" for=\"wpforms-7-field_1\">Podaj sw\u00f3j email <span class=\"wpforms-required-label\">*<\/span><\/label><input type=\"email\" id=\"wpforms-7-field_1\" class=\"wpforms-field-large wpforms-field-required\" name=\"wpforms[fields][1]\" placeholder=\"Email... \" required><\/div><div id=\"wpforms-7-field_3-container\" class=\"wpforms-field wpforms-field-checkbox\" data-field-id=\"3\"><label class=\"wpforms-field-label\" for=\"wpforms-7-field_3\">Zabiegi I Strefa Fitness&amp;Wellnes I Wybierz co Ci\u0119 interesuje \ud83d\ude42 <\/label><ul id=\"wpforms-7-field_3\"><li class=\"choice-1 depth-1\"><input type=\"checkbox\" id=\"wpforms-7-field_3_1\" name=\"wpforms[fields][3][]\" value=\"Fala Radiowa RF \"  ><label class=\"wpforms-field-label-inline\" for=\"wpforms-7-field_3_1\">Fala Radiowa RF <\/label><\/li><li class=\"choice-2 depth-1\"><input type=\"checkbox\" id=\"wpforms-7-field_3_2\" name=\"wpforms[fields][3][]\" value=\"Depilacja Vectus \"  ><label class=\"wpforms-field-label-inline\" for=\"wpforms-7-field_3_2\">Depilacja Vectus <\/label><\/li><li class=\"choice-3 depth-1\"><input type=\"checkbox\" id=\"wpforms-7-field_3_3\" name=\"wpforms[fields][3][]\" value=\"Kriolipoliza \"  ><label class=\"wpforms-field-label-inline\" for=\"wpforms-7-field_3_3\">Kriolipoliza <\/label><\/li><li class=\"choice-4 depth-1\"><input type=\"checkbox\" id=\"wpforms-7-field_3_4\" name=\"wpforms[fields][3][]\" value=\"Icoon \"  ><label class=\"wpforms-field-label-inline\" for=\"wpforms-7-field_3_4\">Icoon <\/label><\/li><li class=\"choice-5 depth-1\"><input type=\"checkbox\" id=\"wpforms-7-field_3_5\" name=\"wpforms[fields][3][]\" value=\"Med Contour \"  ><label class=\"wpforms-field-label-inline\" for=\"wpforms-7-field_3_5\">Med Contour <\/label><\/li><li class=\"choice-6 depth-1\"><input type=\"checkbox\" id=\"wpforms-7-field_3_6\" name=\"wpforms[fields][3][]\" value=\"Endermologia \"  ><label class=\"wpforms-field-label-inline\" for=\"wpforms-7-field_3_6\">Endermologia <\/label><\/li><li class=\"choice-7 depth-1\"><input type=\"checkbox\" id=\"wpforms-7-field_3_7\" name=\"wpforms[fields][3][]\" value=\"Swan Shaper \"  ><label class=\"wpforms-field-label-inline\" for=\"wpforms-7-field_3_7\">Swan Shaper <\/label><\/li><li class=\"choice-8 depth-1\"><input type=\"checkbox\" id=\"wpforms-7-field_3_8\" name=\"wpforms[fields][3][]\" value=\"Vacu Shaper \"  ><label class=\"wpforms-field-label-inline\" for=\"wpforms-7-field_3_8\">Vacu Shaper <\/label><\/li><li class=\"choice-9 depth-1\"><input type=\"checkbox\" id=\"wpforms-7-field_3_9\" name=\"wpforms[fields][3][]\" value=\"Rowerek Poziomy \"  ><label class=\"wpforms-field-label-inline\" for=\"wpforms-7-field_3_9\">Rowerek Poziomy <\/label><\/li><li class=\"choice-10 depth-1\"><input type=\"checkbox\" id=\"wpforms-7-field_3_10\" name=\"wpforms[fields][3][]\" value=\"Bie\u017cnia \"  ><label class=\"wpforms-field-label-inline\" for=\"wpforms-7-field_3_10\">Bie\u017cnia <\/label><\/li><li class=\"choice-11 depth-1\"><input type=\"checkbox\" id=\"wpforms-7-field_3_11\" name=\"wpforms[fields][3][]\" value=\"Elektrostymulacja \"  ><label class=\"wpforms-field-label-inline\" for=\"wpforms-7-field_3_11\">Elektrostymulacja <\/label><\/li><li class=\"choice-12 depth-1\"><input type=\"checkbox\" id=\"wpforms-7-field_3_12\" name=\"wpforms[fields][3][]\" value=\"Limfodrena\u017c \"  ><label class=\"wpforms-field-label-inline\" for=\"wpforms-7-field_3_12\">Limfodrena\u017c <\/label><\/li><li class=\"choice-13 depth-1\"><input type=\"checkbox\" id=\"wpforms-7-field_3_13\" name=\"wpforms[fields][3][]\" value=\"Lipolaser \"  ><label class=\"wpforms-field-label-inline\" for=\"wpforms-7-field_3_13\">Lipolaser <\/label><\/li><li class=\"choice-14 depth-1\"><input type=\"checkbox\" id=\"wpforms-7-field_3_14\" name=\"wpforms[fields][3][]\" value=\"Sauna Karbonowa \"  ><label class=\"wpforms-field-label-inline\" for=\"wpforms-7-field_3_14\">Sauna Karbonowa <\/label><\/li><li class=\"choice-16 depth-1\"><input type=\"checkbox\" id=\"wpforms-7-field_3_16\" name=\"wpforms[fields][3][]\" value=\" RADIOFREKWENCJA MIKROIG\u0141OWA\"  ><label class=\"wpforms-field-label-inline\" for=\"wpforms-7-field_3_16\"> RADIOFREKWENCJA MIKROIG\u0141OWA<\/label><\/li><li class=\"choice-17 depth-1\"><input type=\"checkbox\" id=\"wpforms-7-field_3_17\" name=\"wpforms[fields][3][]\" value=\"OCZYSZCZANIE WODOROWE\"  ><label class=\"wpforms-field-label-inline\" for=\"wpforms-7-field_3_17\">OCZYSZCZANIE WODOROWE<\/label><\/li><li class=\"choice-18 depth-1\"><input type=\"checkbox\" id=\"wpforms-7-field_3_18\" name=\"wpforms[fields][3][]\" value=\" PEEL MISSION INTERFUSE\"  ><label class=\"wpforms-field-label-inline\" for=\"wpforms-7-field_3_18\"> PEEL MISSION INTERFUSE<\/label><\/li><li class=\"choice-19 depth-1\"><input type=\"checkbox\" id=\"wpforms-7-field_3_19\" name=\"wpforms[fields][3][]\" value=\" KWASY MEDYCZNE PEEL MISSION\"  ><label class=\"wpforms-field-label-inline\" for=\"wpforms-7-field_3_19\"> KWASY MEDYCZNE PEEL MISSION<\/label><\/li><li class=\"choice-20 depth-1\"><input type=\"checkbox\" id=\"wpforms-7-field_3_20\" name=\"wpforms[fields][3][]\" value=\" PEEL MISSION ARCHITECT PEEL\"  ><label class=\"wpforms-field-label-inline\" for=\"wpforms-7-field_3_20\"> PEEL MISSION ARCHITECT PEEL<\/label><\/li><li class=\"choice-21 depth-1\"><input type=\"checkbox\" id=\"wpforms-7-field_3_21\" name=\"wpforms[fields][3][]\" value=\" PEEL MISSION DEPIGEN\"  ><label class=\"wpforms-field-label-inline\" for=\"wpforms-7-field_3_21\"> PEEL MISSION DEPIGEN<\/label><\/li><li class=\"choice-22 depth-1\"><input type=\"checkbox\" id=\"wpforms-7-field_3_22\" name=\"wpforms[fields][3][]\" value=\" PEEL MISSION ASIATIC PEEL\"  ><label class=\"wpforms-field-label-inline\" for=\"wpforms-7-field_3_22\"> PEEL MISSION ASIATIC PEEL<\/label><\/li><li class=\"choice-23 depth-1\"><input type=\"checkbox\" id=\"wpforms-7-field_3_23\" name=\"wpforms[fields][3][]\" value=\" PEEL MISSION RETiPEEL\"  ><label class=\"wpforms-field-label-inline\" for=\"wpforms-7-field_3_23\"> PEEL MISSION RETiPEEL<\/label><\/li><li class=\"choice-24 depth-1\"><input type=\"checkbox\" id=\"wpforms-7-field_3_24\" name=\"wpforms[fields][3][]\" value=\" PEEL MISSION RETiEYE\"  ><label class=\"wpforms-field-label-inline\" for=\"wpforms-7-field_3_24\"> PEEL MISSION RETiEYE<\/label><\/li><li class=\"choice-25 depth-1\"><input type=\"checkbox\" id=\"wpforms-7-field_3_25\" name=\"wpforms[fields][3][]\" value=\"FALA MULTIPOLARNA RF\"  ><label class=\"wpforms-field-label-inline\" for=\"wpforms-7-field_3_25\">FALA MULTIPOLARNA RF<\/label><\/li><li class=\"choice-26 depth-1\"><input type=\"checkbox\" id=\"wpforms-7-field_3_26\" name=\"wpforms[fields][3][]\" value=\" PEEL MISSION STCA\"  ><label class=\"wpforms-field-label-inline\" for=\"wpforms-7-field_3_26\"> PEEL MISSION STCA<\/label><\/li><li class=\"choice-27 depth-1\"><input type=\"checkbox\" id=\"wpforms-7-field_3_27\" name=\"wpforms[fields][3][]\" value=\" PEEL MISSION LIFT PEEL\"  ><label class=\"wpforms-field-label-inline\" for=\"wpforms-7-field_3_27\"> PEEL MISSION LIFT PEEL<\/label><\/li><li class=\"choice-28 depth-1\"><input type=\"checkbox\" id=\"wpforms-7-field_3_28\" name=\"wpforms[fields][3][]\" value=\"PEEL MISSION INTERFUSE\"  ><label class=\"wpforms-field-label-inline\" for=\"wpforms-7-field_3_28\">PEEL MISSION INTERFUSE<\/label><\/li><\/ul><\/div><div id=\"wpforms-7-field_2-container\" class=\"wpforms-field wpforms-field-textarea\" data-field-id=\"2\"><label class=\"wpforms-field-label wpforms-label-hide\" for=\"wpforms-7-field_2\">Uwagi  <span class=\"wpforms-required-label\">*<\/span><\/label><textarea id=\"wpforms-7-field_2\" class=\"wpforms-field-medium wpforms-field-required\" name=\"wpforms[fields][2]\" placeholder=\"Uwagi.... \" required><\/textarea><\/div><\/div><div class=\"wpforms-field wpforms-field-hp\"><label for=\"wpforms-7-field-hp\" class=\"wpforms-field-label\">Phone<\/label><input type=\"text\" name=\"wpforms[hp]\" id=\"wpforms-7-field-hp\" class=\"wpforms-field-medium\"><\/div><div class=\"wpforms-submit-container\"><input type=\"hidden\" name=\"wpforms[id]\" value=\"7\"><input type=\"hidden\" name=\"wpforms[author]\" value=\"1\"><button type=\"submit\" name=\"wpforms[submit]\" id=\"wpforms-submit-7\" class=\"wpforms-submit\" data-alt-text=\"Wysy\u0142anie...\" data-submit-text=\"Wy\u015blij wiadomo\u015b\u0107 \" aria-live=\"assertive\" value=\"wpforms-submit\">Wy\u015blij wiadomo\u015b\u0107 <\/button><\/div><\/form><\/div>  <!-- .wpforms-container -->\t\t\t\t<\/div>\n\t\t\t\t<\/div>\n\t\t\t\t\t<\/div>\n\t\t<\/div>\n\t\t\t\t\t<\/div>\n\t\t<\/section>\n\t\t\t\t<\/div>\n\t\t","protected":false},"excerpt":{"rendered":"<p>Formularz zapisu na zabieg<\/p>\n","protected":false},"author":1,"featured_media":0,"parent":0,"menu_order":0,"comment_status":"closed","ping_status":"closed","template":"","meta":{"site-sidebar-layout":"no-sidebar","site-content-layout":"page-builder","ast-global-header-display":"","ast-main-header-display":"","ast-hfb-above-header-display":"","ast-hfb-below-header-display":"","ast-hfb-mobile-header-display":"","site-post-title":"disabled","ast-breadcrumbs-content":"","ast-featured-img":"disabled","footer-sml-layout":"","theme-transparent-header-meta":"","adv-header-id-meta":"","stick-header-meta":"","header-above-stick-meta":"","header-main-stick-meta":"","header-below-stick-meta":"","footnotes":""},"class_list":["post-988","page","type-page","status-publish","hentry"],"yoast_head":"<!-- This site is optimized with the Yoast SEO plugin v19.13 - https:\/\/yoast.com\/wordpress\/plugins\/seo\/ -->\n<title>Formularz zabiegi - Studio Kobiet \u017bukowo<\/title>\n<meta name=\"robots\" content=\"index, follow, max-snippet:-1, max-image-preview:large, max-video-preview:-1\" \/>\n<link rel=\"canonical\" href=\"https:\/\/studiokobietzukowo.com\/?page_id=988\" \/>\n<meta property=\"og:locale\" content=\"en_US\" \/>\n<meta property=\"og:type\" content=\"article\" \/>\n<meta property=\"og:title\" content=\"Formularz zabiegi - Studio Kobiet \u017bukowo\" \/>\n<meta property=\"og:description\" content=\"Formularz zapisu na zabieg\" \/>\n<meta property=\"og:url\" content=\"https:\/\/studiokobietzukowo.com\/?page_id=988\" \/>\n<meta property=\"og:site_name\" content=\"Studio Kobiet \u017bukowo\" \/>\n<meta property=\"article:modified_time\" content=\"2022-12-29T10:29:16+00:00\" \/>\n<meta name=\"twitter:card\" content=\"summary_large_image\" \/>\n<meta name=\"twitter:label1\" content=\"Est. reading time\" \/>\n\t<meta name=\"twitter:data1\" content=\"1 minute\" \/>\n<script type=\"application\/ld+json\" class=\"yoast-schema-graph\">{\"@context\":\"https:\/\/schema.org\",\"@graph\":[{\"@type\":\"WebPage\",\"@id\":\"https:\/\/studiokobietzukowo.com\/?page_id=988\",\"url\":\"https:\/\/studiokobietzukowo.com\/?page_id=988\",\"name\":\"Formularz zabiegi - Studio Kobiet \u017bukowo\",\"isPartOf\":{\"@id\":\"https:\/\/studiokobietzukowo.com\/#website\"},\"datePublished\":\"2022-12-29T10:19:04+00:00\",\"dateModified\":\"2022-12-29T10:29:16+00:00\",\"breadcrumb\":{\"@id\":\"https:\/\/studiokobietzukowo.com\/?page_id=988#breadcrumb\"},\"inLanguage\":\"en-US\",\"potentialAction\":[{\"@type\":\"ReadAction\",\"target\":[\"https:\/\/studiokobietzukowo.com\/?page_id=988\"]}]},{\"@type\":\"BreadcrumbList\",\"@id\":\"https:\/\/studiokobietzukowo.com\/?page_id=988#breadcrumb\",\"itemListElement\":[{\"@type\":\"ListItem\",\"position\":1,\"name\":\"Home\",\"item\":\"https:\/\/studiokobietzukowo.com\/\"},{\"@type\":\"ListItem\",\"position\":2,\"name\":\"Formularz zabiegi\"}]},{\"@type\":\"WebSite\",\"@id\":\"https:\/\/studiokobietzukowo.com\/#website\",\"url\":\"https:\/\/studiokobietzukowo.com\/\",\"name\":\"Studio Kobiet \u017bukowo\",\"description\":\"\",\"publisher\":{\"@id\":\"https:\/\/studiokobietzukowo.com\/#organization\"},\"potentialAction\":[{\"@type\":\"SearchAction\",\"target\":{\"@type\":\"EntryPoint\",\"urlTemplate\":\"https:\/\/studiokobietzukowo.com\/?s={search_term_string}\"},\"query-input\":\"required name=search_term_string\"}],\"inLanguage\":\"en-US\"},{\"@type\":\"Organization\",\"@id\":\"https:\/\/studiokobietzukowo.com\/#organization\",\"name\":\"Studio Kobiet \u017bukowo\",\"url\":\"https:\/\/studiokobietzukowo.com\/\",\"logo\":{\"@type\":\"ImageObject\",\"inLanguage\":\"en-US\",\"@id\":\"https:\/\/studiokobietzukowo.com\/#\/schema\/logo\/image\/\",\"url\":\"https:\/\/studiokobietzukowo.com\/wp-content\/uploads\/2022\/12\/cropped-Fotografia-Studio-Facebook-Zdjecie-w-Tle-851\u00d7315-px-8.png\",\"contentUrl\":\"https:\/\/studiokobietzukowo.com\/wp-content\/uploads\/2022\/12\/cropped-Fotografia-Studio-Facebook-Zdjecie-w-Tle-851\u00d7315-px-8.png\",\"width\":171,\"height\":225,\"caption\":\"Studio Kobiet \u017bukowo\"},\"image\":{\"@id\":\"https:\/\/studiokobietzukowo.com\/#\/schema\/logo\/image\/\"}}]}<\/script>\n<!-- \/ Yoast SEO plugin. -->","yoast_head_json":{"title":"Formularz zabiegi - Studio Kobiet \u017bukowo","robots":{"index":"index","follow":"follow","max-snippet":"max-snippet:-1","max-image-preview":"max-image-preview:large","max-video-preview":"max-video-preview:-1"},"canonical":"https:\/\/studiokobietzukowo.com\/?page_id=988","og_locale":"en_US","og_type":"article","og_title":"Formularz zabiegi - Studio Kobiet \u017bukowo","og_description":"Formularz zapisu na zabieg","og_url":"https:\/\/studiokobietzukowo.com\/?page_id=988","og_site_name":"Studio Kobiet \u017bukowo","article_modified_time":"2022-12-29T10:29:16+00:00","twitter_card":"summary_large_image","twitter_misc":{"Est. reading time":"1 minute"},"schema":{"@context":"https:\/\/schema.org","@graph":[{"@type":"WebPage","@id":"https:\/\/studiokobietzukowo.com\/?page_id=988","url":"https:\/\/studiokobietzukowo.com\/?page_id=988","name":"Formularz zabiegi - Studio Kobiet \u017bukowo","isPartOf":{"@id":"https:\/\/studiokobietzukowo.com\/#website"},"datePublished":"2022-12-29T10:19:04+00:00","dateModified":"2022-12-29T10:29:16+00:00","breadcrumb":{"@id":"https:\/\/studiokobietzukowo.com\/?page_id=988#breadcrumb"},"inLanguage":"en-US","potentialAction":[{"@type":"ReadAction","target":["https:\/\/studiokobietzukowo.com\/?page_id=988"]}]},{"@type":"BreadcrumbList","@id":"https:\/\/studiokobietzukowo.com\/?page_id=988#breadcrumb","itemListElement":[{"@type":"ListItem","position":1,"name":"Home","item":"https:\/\/studiokobietzukowo.com\/"},{"@type":"ListItem","position":2,"name":"Formularz zabiegi"}]},{"@type":"WebSite","@id":"https:\/\/studiokobietzukowo.com\/#website","url":"https:\/\/studiokobietzukowo.com\/","name":"Studio Kobiet \u017bukowo","description":"","publisher":{"@id":"https:\/\/studiokobietzukowo.com\/#organization"},"potentialAction":[{"@type":"SearchAction","target":{"@type":"EntryPoint","urlTemplate":"https:\/\/studiokobietzukowo.com\/?s={search_term_string}"},"query-input":"required name=search_term_string"}],"inLanguage":"en-US"},{"@type":"Organization","@id":"https:\/\/studiokobietzukowo.com\/#organization","name":"Studio Kobiet \u017bukowo","url":"https:\/\/studiokobietzukowo.com\/","logo":{"@type":"ImageObject","inLanguage":"en-US","@id":"https:\/\/studiokobietzukowo.com\/#\/schema\/logo\/image\/","url":"https:\/\/studiokobietzukowo.com\/wp-content\/uploads\/2022\/12\/cropped-Fotografia-Studio-Facebook-Zdjecie-w-Tle-851\u00d7315-px-8.png","contentUrl":"https:\/\/studiokobietzukowo.com\/wp-content\/uploads\/2022\/12\/cropped-Fotografia-Studio-Facebook-Zdjecie-w-Tle-851\u00d7315-px-8.png","width":171,"height":225,"caption":"Studio Kobiet \u017bukowo"},"image":{"@id":"https:\/\/studiokobietzukowo.com\/#\/schema\/logo\/image\/"}}]}},"_links":{"self":[{"href":"https:\/\/studiokobietzukowo.com\/index.php?rest_route=\/wp\/v2\/pages\/988","targetHints":{"allow":["GET"]}}],"collection":[{"href":"https:\/\/studiokobietzukowo.com\/index.php?rest_route=\/wp\/v2\/pages"}],"about":[{"href":"https:\/\/studiokobietzukowo.com\/index.php?rest_route=\/wp\/v2\/types\/page"}],"author":[{"embeddable":true,"href":"https:\/\/studiokobietzukowo.com\/index.php?rest_route=\/wp\/v2\/users\/1"}],"replies":[{"embeddable":true,"href":"https:\/\/studiokobietzukowo.com\/index.php?rest_route=%2Fwp%2Fv2%2Fcomments&post=988"}],"version-history":[{"count":8,"href":"https:\/\/studiokobietzukowo.com\/index.php?rest_route=\/wp\/v2\/pages\/988\/revisions"}],"predecessor-version":[{"id":1021,"href":"https:\/\/studiokobietzukowo.com\/index.php?rest_route=\/wp\/v2\/pages\/988\/revisions\/1021"}],"wp:attachment":[{"href":"https:\/\/studiokobietzukowo.com\/index.php?rest_route=%2Fwp%2Fv2%2Fmedia&parent=988"}],"curies":[{"name":"wp","href":"https:\/\/api.w.org\/{rel}","templated":true}]}}